{"id":13,"date":"2024-11-03T14:52:05","date_gmt":"2024-11-03T13:52:05","guid":{"rendered":"https:\/\/witoslawska.eu\/?page_id=13"},"modified":"2024-12-01T16:42:10","modified_gmt":"2024-12-01T15:42:10","slug":"wyksztalcenie","status":"publish","type":"page","link":"https:\/\/witoslawska.eu\/index.php\/wyksztalcenie\/","title":{"rendered":"Wykszta\u0142cenie"},"content":{"rendered":"\n<div class=\"wp-block-group alignfull is-style-no-padding has-palette-3-color has-palette-2-background-color has-text-color has-background\" style=\"padding-bottom:120px\"><div class=\"wp-block-group__inner-container is-layout-flow wp-block-group-is-layout-flow\">\n<div style=\"height:100px\" aria-hidden=\"true\" class=\"wp-block-spacer has-15vmax-min-height\"><\/div>\n\n\n<div class=\"alignwide-wrap\" data-block=\"columns\">\n<div class=\"wp-block-columns alignwide\">\n<div class=\"wp-block-column\"><div class=\"wp-block-image\">\n<figure class=\"align-horizontal-wrap alignleft size-large\"><img loading=\"lazy\" decoding=\"async\" width=\"768\" height=\"1024\" src=\"https:\/\/witoslawska.eu\/wp-content\/uploads\/2024\/12\/IMG-20241130-WA0006-768x1024.jpg\" alt=\"Maria Witos\u0142awska Uniwersytet \u0141\u00f3dzki Wydzia\u0142 Zarz\u0105dzania \" class=\"wp-image-179\" srcset=\"https:\/\/witoslawska.eu\/wp-content\/uploads\/2024\/12\/IMG-20241130-WA0006-768x1024.jpg 768w, https:\/\/witoslawska.eu\/wp-content\/uploads\/2024\/12\/IMG-20241130-WA0006-225x300.jpg 225w, https:\/\/witoslawska.eu\/wp-content\/uploads\/2024\/12\/IMG-20241130-WA0006-1152x1536.jpg 1152w, https:\/\/witoslawska.eu\/wp-content\/uploads\/2024\/12\/IMG-20241130-WA0006.jpg 1200w\" sizes=\"auto, (max-width: 768px) 100vw, 768px\" \/><\/figure>\n<\/div><\/div>\n\n\n\n<div class=\"wp-block-column is-vertically-aligned-bottom\">\n<h1 class=\"wp-block-heading has-palette-3-color has-text-color\">Edukacja<\/h1>\n\n\n\n<div style=\"height:100px\" aria-hidden=\"true\" class=\"wp-block-spacer\"><\/div>\n<\/div>\n<\/div>\n<\/div><\/div><\/div>\n\n\n\n<div style=\"height:150px\" aria-hidden=\"true\" class=\"wp-block-spacer\"><\/div>\n\n\n<div class=\"alignwide-wrap\" data-block=\"columns\">\n<div class=\"wp-block-columns alignwide is-style-stacked-on-tablet\">\n<div class=\"wp-block-column\">\n<h2 class=\"wp-block-heading\">Droga edukacyjna<\/h2>\n<\/div>\n\n\n\n<div class=\"wp-block-column\">\n<p class=\"has-drop-cap\">Pocz\u0105tek mojej edukacyjnej drogi to sztuka. Ko\u0144czy\u0142am Liceum Plastyczne w \u0141odzi na kierunku <em>Wyrob\u00f3w Unikatowych i Form Przemys\u0142owych<\/em> z ocen\u0105 5. Kontynuowa\u0142am edukacj\u0119 w Akademii Sztuk Pi\u0119knych im. W\u0142adys\u0142awa Strzemi\u0144skiego w \u0141odzi, na kierunku <em>Sztuki Wizualne<\/em> \u2013 nie uko\u0144czy\u0142am ich z powodu trudno\u015bci wynikaj\u0105cych z autyzmu. Kolejne studia to<em> Filozofia<\/em> na Uniwersytecie \u0141\u00f3dzki \u2013 porzuci\u0142am je z tego samego powodu.<\/p>\n\n\n\n<p>Licencjat obroni\u0142am na 5, moj\u0105 prac\u0105 dyplomow\u0105 by\u0142a&nbsp;<strong>seria plakat\u00f3w o tematyce spo\u0142ecznej i problematyce handlu lud\u017ami<\/strong>, na kierunku<em> Grafika<\/em> w Spo\u0142ecznej Akademii Nauk w \u0141odzi. Nast\u0119pnie uko\u0144czy\u0142am studia magisterskie na kierunku <em>Zarz\u0105dzanie Biznesem<\/em> na Uniwersytecie \u0141\u00f3dzkim r\u00f3wnie\u017c z ocen\u0105 5. Tematem mojej pracy by\u0142y&nbsp;<strong>osoby w spektrum autyzmu jako \u017ar\u00f3d\u0142o przewagi konkurencyjnej<\/strong>.<\/p>\n\n\n\n<p>W 2024 roku uzyska\u0142am&nbsp;<strong>certyfikat Dimaq Professional,<\/strong>&nbsp;kt\u00f3ry jest mi\u0119dzynarodowym potwierdzeniem kwalifikacji pozwalaj\u0105cych na prowadzenie dzia\u0142a\u0144 operacyjnych w digital marketingu.<\/p>\n\n\n\n<div class=\"wp-block-buttons is-layout-flex wp-block-buttons-is-layout-flex\">\n<div class=\"wp-block-button\"><a class=\"wp-block-button__link wp-element-button\" href=\"https:\/\/egzamin.dimaq.pl\/upload\/certificates\/acedf00f301abebdc60f89340eb269892d630354\/CP-0004674-2026-01-23.pdf\">zobacz certyfikat<\/a><\/div>\n\n\n\n<div class=\"wp-block-button\"><a class=\"wp-block-button__link wp-element-button\" href=\"https:\/\/dimaq.pl\/w-moim-otoczeniu-osoby-posiadajace-dimaq-professional-charakteryzuja-wysokie-kompetencje-kreatywnosc-wiedza-i-doswiadczenie\/\">o udziale w programie<\/a><\/div>\n<\/div>\n<\/div>\n<\/div>\n<\/div>\n\n\n<div style=\"height:150px\" aria-hidden=\"true\" class=\"wp-block-spacer\"><\/div>\n\n\n<div class=\"alignwide-wrap\" data-block=\"media-text\">\n<div class=\"wp-block-media-text alignwide has-media-on-the-right is-stacked-on-mobile is-image-fill-element has-palette-3-color has-palette-2-background-color has-text-color has-background\"><div class=\"wp-block-media-text__content\">\n<h2 class=\"wp-block-heading has-palette-3-color has-text-color\">Je\u015bli masz do mnie pytania &#8211; porozmawiajmy! \ud83d\ude42<\/h2>\n\n\n\n<div class=\"wp-block-buttons is-layout-flex wp-block-buttons-is-layout-flex\">\n<div class=\"wp-block-button\"><a class=\"wp-block-button__link wp-element-button\" href=\"https:\/\/witoslawska.eu\/index.php\/contact\/\">kontakt<\/a><\/div>\n<\/div>\n<\/div><figure class=\"wp-block-media-text__media\"><img loading=\"lazy\" decoding=\"async\" width=\"578\" height=\"1024\" src=\"https:\/\/witoslawska.eu\/wp-content\/uploads\/2024\/11\/FB_IMG_1730649381889-578x1024.jpg\" alt=\"Marysia Witos\u0142awska Piotrowska Dimaq Professional digital marketing\" class=\"wp-image-76 size-full\" style=\"object-position:39% 76%\" srcset=\"https:\/\/witoslawska.eu\/wp-content\/uploads\/2024\/11\/FB_IMG_1730649381889-578x1024.jpg 578w, https:\/\/witoslawska.eu\/wp-content\/uploads\/2024\/11\/FB_IMG_1730649381889-169x300.jpg 169w, https:\/\/witoslawska.eu\/wp-content\/uploads\/2024\/11\/FB_IMG_1730649381889-768x1362.jpg 768w, https:\/\/witoslawska.eu\/wp-content\/uploads\/2024\/11\/FB_IMG_1730649381889-866x1536.jpg 866w, https:\/\/witoslawska.eu\/wp-content\/uploads\/2024\/11\/FB_IMG_1730649381889.jpg 978w\" sizes=\"auto, (max-width: 578px) 100vw, 578px\" \/><\/figure><\/div>\n<\/div>\n\n<div class=\"alignwide-wrap\" data-block=\"columns\">\n<div class=\"wp-block-columns alignwide is-style-stacked-on-tablet\">\n<div class=\"wp-block-column is-style-hidden-on-tablet\" style=\"flex-basis:10%\"><\/div>\n<\/div>\n<\/div>\n\n\n<div style=\"height:150px\" aria-hidden=\"true\" class=\"wp-block-spacer\"><\/div>\n\n\n\n<p><\/p>\n","protected":false},"excerpt":{"rendered":"<div class=\"entry-summary\">\n<p>\n\t<a href=\"https:\/\/webmandesign.github.io\/docs\/michelle\/#posts-excerpt\">Edukacja<\/a><br \/>\n\tW 2024 roku uzyska\u0142am\u00a0certyfikat Dimaq Professional,\u00a0kt\u00f3ry jest mi\u0119dzynarodowym potwierdzeniem kwalifikacji pozwalaj\u0105cych na prowadzenie dzia\u0142a\u0144 operacyjnych w digital marketingu.\n<\/p>\n<\/div>\n<div class=\"link-more-container\"><a href=\"https:\/\/witoslawska.eu\/index.php\/wyksztalcenie\/\" class=\"link-more\" aria-label=\"Continue reading Wykszta\u0142cenie\">Continue reading&hellip;<\/a><\/div>\n","protected":false},"author":1,"featured_media":0,"parent":0,"menu_order":0,"comment_status":"closed","ping_status":"closed","template":"templates\/no-intro-header-overlaid-light.php","meta":{"footnotes":""},"class_list":["post-13","page","type-page","status-publish","hentry","entry","entry-type-page"],"_links":{"self":[{"href":"https:\/\/witoslawska.eu\/index.php\/wp-json\/wp\/v2\/pages\/13","targetHints":{"allow":["GET"]}}],"collection":[{"href":"https:\/\/witoslawska.eu\/index.php\/wp-json\/wp\/v2\/pages"}],"about":[{"href":"https:\/\/witoslawska.eu\/index.php\/wp-json\/wp\/v2\/types\/page"}],"author":[{"embeddable":true,"href":"https:\/\/witoslawska.eu\/index.php\/wp-json\/wp\/v2\/users\/1"}],"replies":[{"embeddable":true,"href":"https:\/\/witoslawska.eu\/index.php\/wp-json\/wp\/v2\/comments?post=13"}],"version-history":[{"count":15,"href":"https:\/\/witoslawska.eu\/index.php\/wp-json\/wp\/v2\/pages\/13\/revisions"}],"predecessor-version":[{"id":182,"href":"https:\/\/witoslawska.eu\/index.php\/wp-json\/wp\/v2\/pages\/13\/revisions\/182"}],"wp:attachment":[{"href":"https:\/\/witoslawska.eu\/index.php\/wp-json\/wp\/v2\/media?parent=13"}],"curies":[{"name":"wp","href":"https:\/\/api.w.org\/{rel}","templated":true}]}}